{"id":134,"date":"2020-08-25T01:31:50","date_gmt":"2020-08-25T04:31:50","guid":{"rendered":"https:\/\/dentalxradiologia.com.br\/index.php\/about-us\/"},"modified":"2022-06-29T22:51:32","modified_gmt":"2022-06-30T01:51:32","slug":"sobre","status":"publish","type":"page","link":"https:\/\/dentalxradiologia.com.br\/index.php\/sobre\/","title":{"rendered":"Sobre n\u00f3s"},"content":{"rendered":"\t\t<div data-elementor-type=\"wp-page\" data-elementor-id=\"134\" class=\"elementor elementor-134\">\n\t\t\t\t\t\t\t\t\t<section class=\"elementor-section elementor-top-section elementor-element elementor-element-c74c8d4 elementor-section-boxed elementor-section-height-default elementor-section-height-default\" data-id=\"c74c8d4\" data-element_type=\"section\" data-settings=\"{&quot;background_background&quot;:&quot;classic&quot;}\">\n\t\t\t\t\t\t<div class=\"elementor-container elementor-column-gap-no\">\n\t\t\t\t\t<div class=\"elementor-column elementor-col-100 elementor-top-column elementor-element elementor-element-428d588 elementor-invisible\" data-id=\"428d588\" data-element_type=\"column\" data-settings=\"{&quot;animation&quot;:&quot;fadeInRight&quot;}\">\n\t\t\t<div class=\"elementor-widget-wrap elementor-element-populated\">\n\t\t\t\t\t\t\t\t<div class=\"elementor-element elementor-element-dc15db4 elementor-widget elementor-widget-heading\" data-id=\"dc15db4\" data-element_type=\"widget\" data-widget_type=\"heading.default\">\n\t\t\t\t<div class=\"elementor-widget-container\">\n\t\t\t<style>\/*! elementor - v3.11.1 - 15-02-2023 *\/\n.elementor-heading-title{padding:0;margin:0;line-height:1}.elementor-widget-heading .elementor-heading-title[class*=elementor-size-]>a{color:inherit;font-size:inherit;line-height:inherit}.elementor-widget-heading .elementor-heading-title.elementor-size-small{font-size:15px}.elementor-widget-heading .elementor-heading-title.elementor-size-medium{font-size:19px}.elementor-widget-heading .elementor-heading-title.elementor-size-large{font-size:29px}.elementor-widget-heading .elementor-heading-title.elementor-size-xl{font-size:39px}.elementor-widget-heading .elementor-heading-title.elementor-size-xxl{font-size:59px}<\/style><h1 class=\"elementor-heading-title elementor-size-default\">Sobre <\/h1>\t\t<\/div>\n\t\t\t\t<\/div>\n\t\t\t\t<div class=\"elementor-element elementor-element-2d24121 elementor-widget elementor-widget-text-editor\" data-id=\"2d24121\" data-element_type=\"widget\" data-widget_type=\"text-editor.default\">\n\t\t\t\t<div class=\"elementor-widget-container\">\n\t\t\t<style>\/*! elementor - v3.11.1 - 15-02-2023 *\/\n.elementor-widget-text-editor.elementor-drop-cap-view-stacked .elementor-drop-cap{background-color:#818a91;color:#fff}.elementor-widget-text-editor.elementor-drop-cap-view-framed .elementor-drop-cap{color:#818a91;border:3px solid;background-color:transparent}.elementor-widget-text-editor:not(.elementor-drop-cap-view-default) .elementor-drop-cap{margin-top:8px}.elementor-widget-text-editor:not(.elementor-drop-cap-view-default) .elementor-drop-cap-letter{width:1em;height:1em}.elementor-widget-text-editor .elementor-drop-cap{float:left;text-align:center;line-height:1;font-size:50px}.elementor-widget-text-editor .elementor-drop-cap-letter{display:inline-block}<\/style>\t\t\t\t<p><span style=\"vertical-align: inherit;\"><span style=\"vertical-align: inherit;\">Tudo para proporcionar a voc\u00ea seguran\u00e7a e confiabilidade que s\u00f3 a mais completa cl\u00ednica de Radiologia Odontol\u00f3gica\u00a0 pode oferecer.<\/span><\/span><\/p>\t\t\t\t\t\t<\/div>\n\t\t\t\t<\/div>\n\t\t\t\t\t<\/div>\n\t\t<\/div>\n\t\t\t\t\t\t\t<\/div>\n\t\t<\/section>\n\t\t\t\t<section class=\"elementor-section elementor-top-section elementor-element elementor-element-f0cc721 elementor-section-content-bottom elementor-section-boxed elementor-section-height-default elementor-section-height-default\" data-id=\"f0cc721\" data-element_type=\"section\" data-settings=\"{&quot;background_background&quot;:&quot;classic&quot;}\">\n\t\t\t\t\t\t<div class=\"elementor-container elementor-column-gap-no\">\n\t\t\t\t\t<div class=\"elementor-column elementor-col-50 elementor-top-column elementor-element elementor-element-9372157\" data-id=\"9372157\" data-element_type=\"column\">\n\t\t\t<div class=\"elementor-widget-wrap elementor-element-populated\">\n\t\t\t\t\t\t\t\t<div class=\"elementor-element elementor-element-2790841 elementor-widget elementor-widget-heading\" data-id=\"2790841\" data-element_type=\"widget\" data-widget_type=\"heading.default\">\n\t\t\t\t<div class=\"elementor-widget-container\">\n\t\t\t<h2 class=\"elementor-heading-title elementor-size-default\"><font style=\"vertical-align: inherit;\"><\/font><font style=\"vertical-align: inherit;\"><font style=\"vertical-align: inherit;\"><font style=\"vertical-align: inherit;\"><\/font><\/font><\/font><font style=\"vertical-align: inherit;\"><font style=\"vertical-align: inherit;\"><font style=\"vertical-align: inherit;\"><\/font><\/font><\/font><font style=\"vertical-align: inherit;\"><font style=\"vertical-align: inherit;\">Miss\u00e3o<\/font><\/font><\/h2>\t\t<\/div>\n\t\t\t\t<\/div>\n\t\t\t\t<div class=\"elementor-element elementor-element-1f7a844 elementor-widget elementor-widget-text-editor\" data-id=\"1f7a844\" data-element_type=\"widget\" data-widget_type=\"text-editor.default\">\n\t\t\t\t<div class=\"elementor-widget-container\">\n\t\t\t\t\t\t\t<p>Prestar servi\u00e7o de diagn\u00f3stico facial aos profissionais da \u00e1rea da sa\u00fade, oferecendo suporte ao tratamento cl\u00ednico por meio de exames de alta qualidade e resultados confi\u00e1veis, buscando sempre investir no aprimoramento dos servi\u00e7os e na satisfa\u00e7\u00e3o dos nossos clientes, pacientes, colaboradores e associados.<\/p>\t\t\t\t\t\t<\/div>\n\t\t\t\t<\/div>\n\t\t\t\t<div class=\"elementor-element elementor-element-11e6967 elementor-widget elementor-widget-heading\" data-id=\"11e6967\" data-element_type=\"widget\" data-widget_type=\"heading.default\">\n\t\t\t\t<div class=\"elementor-widget-container\">\n\t\t\t<h2 class=\"elementor-heading-title elementor-size-default\"><font style=\"vertical-align: inherit;\"><\/font><font style=\"vertical-align: inherit;\"><font style=\"vertical-align: inherit;\">Vis<\/font><\/font>\u00e3o<\/h2>\t\t<\/div>\n\t\t\t\t<\/div>\n\t\t\t\t<div class=\"elementor-element elementor-element-ec2c5db elementor-widget elementor-widget-text-editor\" data-id=\"ec2c5db\" data-element_type=\"widget\" data-widget_type=\"text-editor.default\">\n\t\t\t\t<div class=\"elementor-widget-container\">\n\t\t\t\t\t\t\t<p>Ser refer\u00eancia como centro de diagn\u00f3stico em termos de inova\u00e7\u00e3o, qualidade e efici\u00eancia na presta\u00e7\u00e3o de servi\u00e7os, assim como pela humaniza\u00e7\u00e3o dos atendimentos e pela satisfa\u00e7\u00e3o dos clientes e colaboradores. Expandir nossa rede de atendimento de maneira a oferecer a seus usu\u00e1rios e associados as melhores condi\u00e7\u00f5es de trabalho, proporcionando desenvolvimento e promo\u00e7\u00e3o da sa\u00fade.<\/p>\t\t\t\t\t\t<\/div>\n\t\t\t\t<\/div>\n\t\t\t\t\t<\/div>\n\t\t<\/div>\n\t\t\t\t<div class=\"elementor-column elementor-col-50 elementor-top-column elementor-element elementor-element-370ee0c\" data-id=\"370ee0c\" data-element_type=\"column\">\n\t\t\t<div class=\"elementor-widget-wrap elementor-element-populated\">\n\t\t\t\t\t\t\t\t<div class=\"elementor-element elementor-element-9c7e890 elementor-invisible elementor-widget elementor-widget-image\" data-id=\"9c7e890\" data-element_type=\"widget\" data-settings=\"{&quot;_animation&quot;:&quot;fadeInLeft&quot;}\" data-widget_type=\"image.default\">\n\t\t\t\t<div class=\"elementor-widget-container\">\n\t\t\t<style>\/*! elementor - v3.11.1 - 15-02-2023 *\/\n.elementor-widget-image{text-align:center}.elementor-widget-image a{display:inline-block}.elementor-widget-image a img[src$=\".svg\"]{width:48px}.elementor-widget-image img{vertical-align:middle;display:inline-block}<\/style>\t\t\t\t\t\t\t\t\t\t\t\t<img width=\"640\" height=\"618\" src=\"https:\/\/dentalxradiologia.com.br\/wp-content\/uploads\/2022\/06\/Diagnosticos-1.png\" class=\"attachment-large size-large wp-image-429\" alt=\"\" loading=\"lazy\" srcset=\"https:\/\/dentalxradiologia.com.br\/wp-content\/uploads\/2022\/06\/Diagnosticos-1.png 640w, https:\/\/dentalxradiologia.com.br\/wp-content\/uploads\/2022\/06\/Diagnosticos-1-300x290.png 300w\" sizes=\"(max-width: 640px) 100vw, 640px\" \/>\t\t\t\t\t\t\t\t\t\t\t\t\t\t\t<\/div>\n\t\t\t\t<\/div>\n\t\t\t\t<div class=\"elementor-element elementor-element-07cfaa0 elementor-absolute elementor-invisible elementor-widget elementor-widget-image\" data-id=\"07cfaa0\" data-element_type=\"widget\" data-settings=\"{&quot;_position&quot;:&quot;absolute&quot;,&quot;_animation&quot;:&quot;zoomInUp&quot;}\" data-widget_type=\"image.default\">\n\t\t\t\t<div class=\"elementor-widget-container\">\n\t\t\t\t\t\t\t\t\t\t\t\t\t\t\t<img width=\"1024\" height=\"939\" src=\"https:\/\/dentalxradiologia.com.br\/wp-content\/uploads\/2022\/06\/dental-1024x939.png\" class=\"attachment-large size-large wp-image-483\" alt=\"\" loading=\"lazy\" srcset=\"https:\/\/dentalxradiologia.com.br\/wp-content\/uploads\/2022\/06\/dental-1024x939.png 1024w, https:\/\/dentalxradiologia.com.br\/wp-content\/uploads\/2022\/06\/dental-300x275.png 300w, https:\/\/dentalxradiologia.com.br\/wp-content\/uploads\/2022\/06\/dental-768x704.png 768w, https:\/\/dentalxradiologia.com.br\/wp-content\/uploads\/2022\/06\/dental-1536x1409.png 1536w, https:\/\/dentalxradiologia.com.br\/wp-content\/uploads\/2022\/06\/dental-2048x1878.png 2048w\" sizes=\"(max-width: 1024px) 100vw, 1024px\" \/>\t\t\t\t\t\t\t\t\t\t\t\t\t\t\t<\/div>\n\t\t\t\t<\/div>\n\t\t\t\t\t<\/div>\n\t\t<\/div>\n\t\t\t\t\t\t\t<\/div>\n\t\t<\/section>\n\t\t\t\t<section class=\"elementor-section elementor-top-section elementor-element elementor-element-5ee2e65 elementor-section-boxed elementor-section-height-default elementor-section-height-default\" data-id=\"5ee2e65\" data-element_type=\"section\" data-settings=\"{&quot;background_background&quot;:&quot;classic&quot;}\">\n\t\t\t\t\t\t<div class=\"elementor-container elementor-column-gap-no\">\n\t\t\t\t\t<div class=\"elementor-column elementor-col-33 elementor-top-column elementor-element elementor-element-ae8a735\" data-id=\"ae8a735\" data-element_type=\"column\">\n\t\t\t<div class=\"elementor-widget-wrap elementor-element-populated\">\n\t\t\t\t\t\t\t\t<div class=\"elementor-element elementor-element-6ab7db3 elementor-position-left elementor-widget__width-auto elementor-widget-mobile__width-inherit elementor-view-default elementor-mobile-position-top elementor-vertical-align-top elementor-widget elementor-widget-icon-box\" data-id=\"6ab7db3\" data-element_type=\"widget\" data-widget_type=\"icon-box.default\">\n\t\t\t\t<div class=\"elementor-widget-container\">\n\t\t\t<link rel=\"stylesheet\" href=\"https:\/\/dentalxradiologia.com.br\/wp-content\/plugins\/elementor\/assets\/css\/widget-icon-box.min.css\">\t\t<div class=\"elementor-icon-box-wrapper\">\n\t\t\t\t\t\t<div class=\"elementor-icon-box-icon\">\n\t\t\t\t<span class=\"elementor-icon elementor-animation-\" >\n\t\t\t\t<i aria-hidden=\"true\" class=\"fas fa-map-marker-alt\"><\/i>\t\t\t\t<\/span>\n\t\t\t<\/div>\n\t\t\t\t\t\t<div class=\"elementor-icon-box-content\">\n\t\t\t\t<h4 class=\"elementor-icon-box-title\">\n\t\t\t\t\t<span  >\n\t\t\t\t\t\tEndere\u00e7o\t\t\t\t\t<\/span>\n\t\t\t\t<\/h4>\n\t\t\t\t\t\t\t\t\t<p class=\"elementor-icon-box-description\">\n\t\t\t\t\t\tAv. Inoc\u00eancio Ser\u00e1fico, 3548 - Vila Silva Ribeiro, Carapicu\u00edba - SP, 06380-021<br>Sal\u00e3o 04.  - Dentro do estacionamento Eli Wash &amp; park.\t\t\t\t\t<\/p>\n\t\t\t\t\t\t\t<\/div>\n\t\t<\/div>\n\t\t\t\t<\/div>\n\t\t\t\t<\/div>\n\t\t\t\t\t<\/div>\n\t\t<\/div>\n\t\t\t\t<div class=\"elementor-column elementor-col-33 elementor-top-column elementor-element elementor-element-eb817e5\" data-id=\"eb817e5\" data-element_type=\"column\">\n\t\t\t<div class=\"elementor-widget-wrap elementor-element-populated\">\n\t\t\t\t\t\t\t\t<div class=\"elementor-element elementor-element-e6967ac elementor-position-left elementor-widget__width-auto elementor-widget-mobile__width-inherit elementor-view-default elementor-mobile-position-top elementor-vertical-align-top elementor-widget elementor-widget-icon-box\" data-id=\"e6967ac\" data-element_type=\"widget\" data-widget_type=\"icon-box.default\">\n\t\t\t\t<div class=\"elementor-widget-container\">\n\t\t\t\t\t<div class=\"elementor-icon-box-wrapper\">\n\t\t\t\t\t\t<div class=\"elementor-icon-box-icon\">\n\t\t\t\t<span class=\"elementor-icon elementor-animation-\" >\n\t\t\t\t<i aria-hidden=\"true\" class=\"fas fa-phone\"><\/i>\t\t\t\t<\/span>\n\t\t\t<\/div>\n\t\t\t\t\t\t<div class=\"elementor-icon-box-content\">\n\t\t\t\t<h4 class=\"elementor-icon-box-title\">\n\t\t\t\t\t<span  >\n\t\t\t\t\t\tTelefone\t\t\t\t\t<\/span>\n\t\t\t\t<\/h4>\n\t\t\t\t\t\t\t\t\t<p class=\"elementor-icon-box-description\">\n\t\t\t\t\t\t(11) 99860-4343\t\t\t\t\t<\/p>\n\t\t\t\t\t\t\t<\/div>\n\t\t<\/div>\n\t\t\t\t<\/div>\n\t\t\t\t<\/div>\n\t\t\t\t\t<\/div>\n\t\t<\/div>\n\t\t\t\t<div class=\"elementor-column elementor-col-33 elementor-top-column elementor-element elementor-element-688aaec\" data-id=\"688aaec\" data-element_type=\"column\">\n\t\t\t<div class=\"elementor-widget-wrap elementor-element-populated\">\n\t\t\t\t\t\t\t\t<div class=\"elementor-element elementor-element-1e16b12 elementor-position-left elementor-widget__width-auto elementor-widget-mobile__width-inherit elementor-view-default elementor-mobile-position-top elementor-vertical-align-top elementor-widget elementor-widget-icon-box\" data-id=\"1e16b12\" data-element_type=\"widget\" data-widget_type=\"icon-box.default\">\n\t\t\t\t<div class=\"elementor-widget-container\">\n\t\t\t\t\t<div class=\"elementor-icon-box-wrapper\">\n\t\t\t\t\t\t<div class=\"elementor-icon-box-icon\">\n\t\t\t\t<span class=\"elementor-icon elementor-animation-\" >\n\t\t\t\t<i aria-hidden=\"true\" class=\"fas fa-envelope\"><\/i>\t\t\t\t<\/span>\n\t\t\t<\/div>\n\t\t\t\t\t\t<div class=\"elementor-icon-box-content\">\n\t\t\t\t<h4 class=\"elementor-icon-box-title\">\n\t\t\t\t\t<span  >\n\t\t\t\t\t\tE-mail\t\t\t\t\t<\/span>\n\t\t\t\t<\/h4>\n\t\t\t\t\t\t\t\t\t<p class=\"elementor-icon-box-description\">\n\t\t\t\t\t\tcontato@dentalxradiologia.com.br\t\t\t\t\t<\/p>\n\t\t\t\t\t\t\t<\/div>\n\t\t<\/div>\n\t\t\t\t<\/div>\n\t\t\t\t<\/div>\n\t\t\t\t\t<\/div>\n\t\t<\/div>\n\t\t\t\t\t\t\t<\/div>\n\t\t<\/section>\n\t\t\t\t\t\t\t<\/div>\n\t\t","protected":false},"excerpt":{"rendered":"<p>Sobre Tudo para proporcionar a voc\u00ea seguran\u00e7a e confiabilidade que s\u00f3 a mais completa cl\u00ednica de Radiologia Odontol\u00f3gica\u00a0 pode oferecer. Miss\u00e3o Prestar servi\u00e7o de diagn\u00f3stico facial aos profissionais da \u00e1rea da sa\u00fade, oferecendo suporte ao tratamento cl\u00ednico por meio de exames de alta qualidade e resultados confi\u00e1veis, buscando sempre investir no aprimoramento dos servi\u00e7os e &hellip;<\/p>\n<p class=\"read-more\"> <a class=\"\" href=\"https:\/\/dentalxradiologia.com.br\/index.php\/sobre\/\"> <span class=\"screen-reader-text\">Sobre n\u00f3s<\/span> Leia mais &raquo;<\/a><\/p>\n","protected":false},"author":1,"featured_media":0,"parent":0,"menu_order":0,"comment_status":"closed","ping_status":"closed","template":"","meta":{"om_disable_all_campaigns":false,"_mi_skip_tracking":false,"site-sidebar-layout":"no-sidebar","site-content-layout":"page-builder","ast-global-header-display":"","ast-main-header-display":"","ast-hfb-above-header-display":"","ast-hfb-below-header-display":"","ast-hfb-mobile-header-display":"","site-post-title":"disabled","ast-breadcrumbs-content":"","ast-featured-img":"disabled","footer-sml-layout":"","theme-transparent-header-meta":"enabled","adv-header-id-meta":"","stick-header-meta":"","header-above-stick-meta":"","header-main-stick-meta":"","header-below-stick-meta":"","_joinchat":[]},"aioseo_notices":[],"yoast_head":"<!-- This site is optimized with the Yoast SEO plugin v20.1 - https:\/\/yoast.com\/wordpress\/plugins\/seo\/ -->\n<title>Sobre n\u00f3s - Dental - X<\/title>\n<meta name=\"robots\" content=\"index, follow, max-snippet:-1, max-image-preview:large, max-video-preview:-1\" \/>\n<link rel=\"canonical\" href=\"https:\/\/dentalxradiologia.com.br\/index.php\/sobre\/\" \/>\n<meta property=\"og:locale\" content=\"pt_BR\" \/>\n<meta property=\"og:type\" content=\"article\" \/>\n<meta property=\"og:title\" content=\"Sobre n\u00f3s - Dental - X\" \/>\n<meta property=\"og:description\" content=\"Sobre Tudo para proporcionar a voc\u00ea seguran\u00e7a e confiabilidade que s\u00f3 a mais completa cl\u00ednica de Radiologia Odontol\u00f3gica\u00a0 pode oferecer. Miss\u00e3o Prestar servi\u00e7o de diagn\u00f3stico facial aos profissionais da \u00e1rea da sa\u00fade, oferecendo suporte ao tratamento cl\u00ednico por meio de exames de alta qualidade e resultados confi\u00e1veis, buscando sempre investir no aprimoramento dos servi\u00e7os e &hellip; Sobre n\u00f3s Leia mais &raquo;\" \/>\n<meta property=\"og:url\" content=\"https:\/\/dentalxradiologia.com.br\/index.php\/sobre\/\" \/>\n<meta property=\"og:site_name\" content=\"Dental - X\" \/>\n<meta property=\"article:modified_time\" content=\"2022-06-30T01:51:32+00:00\" \/>\n<meta property=\"og:image\" content=\"http:\/\/dentalxradiologia.com.br\/wp-content\/uploads\/2022\/06\/Diagnosticos-1.png\" \/>\n<meta name=\"twitter:card\" content=\"summary_large_image\" \/>\n<meta name=\"twitter:label1\" content=\"Est. tempo de leitura\" \/>\n\t<meta name=\"twitter:data1\" content=\"2 minutos\" \/>\n<script type=\"application\/ld+json\" class=\"yoast-schema-graph\">{\"@context\":\"https:\/\/schema.org\",\"@graph\":[{\"@type\":\"WebPage\",\"@id\":\"https:\/\/dentalxradiologia.com.br\/index.php\/sobre\/\",\"url\":\"https:\/\/dentalxradiologia.com.br\/index.php\/sobre\/\",\"name\":\"Sobre n\u00f3s - Dental - X\",\"isPartOf\":{\"@id\":\"https:\/\/dentalxradiologia.com.br\/#website\"},\"datePublished\":\"2020-08-25T04:31:50+00:00\",\"dateModified\":\"2022-06-30T01:51:32+00:00\",\"breadcrumb\":{\"@id\":\"https:\/\/dentalxradiologia.com.br\/index.php\/sobre\/#breadcrumb\"},\"inLanguage\":\"pt-BR\",\"potentialAction\":[{\"@type\":\"ReadAction\",\"target\":[\"https:\/\/dentalxradiologia.com.br\/index.php\/sobre\/\"]}]},{\"@type\":\"BreadcrumbList\",\"@id\":\"https:\/\/dentalxradiologia.com.br\/index.php\/sobre\/#breadcrumb\",\"itemListElement\":[{\"@type\":\"ListItem\",\"position\":1,\"name\":\"In\u00edcio\",\"item\":\"https:\/\/dentalxradiologia.com.br\/\"},{\"@type\":\"ListItem\",\"position\":2,\"name\":\"Sobre n\u00f3s\"}]},{\"@type\":\"WebSite\",\"@id\":\"https:\/\/dentalxradiologia.com.br\/#website\",\"url\":\"https:\/\/dentalxradiologia.com.br\/\",\"name\":\"Dental - X\",\"description\":\"Diagn\u00f3stico Odontol\u00f3gico por Imagem\",\"publisher\":{\"@id\":\"https:\/\/dentalxradiologia.com.br\/#organization\"},\"potentialAction\":[{\"@type\":\"SearchAction\",\"target\":{\"@type\":\"EntryPoint\",\"urlTemplate\":\"https:\/\/dentalxradiologia.com.br\/?s={search_term_string}\"},\"query-input\":\"required name=search_term_string\"}],\"inLanguage\":\"pt-BR\"},{\"@type\":\"Organization\",\"@id\":\"https:\/\/dentalxradiologia.com.br\/#organization\",\"name\":\"Dental - X\",\"url\":\"https:\/\/dentalxradiologia.com.br\/\",\"logo\":{\"@type\":\"ImageObject\",\"inLanguage\":\"pt-BR\",\"@id\":\"https:\/\/dentalxradiologia.com.br\/#\/schema\/logo\/image\/\",\"url\":\"https:\/\/dentalxradiologia.com.br\/wp-content\/uploads\/2022\/06\/DENTAL-X.png\",\"contentUrl\":\"https:\/\/dentalxradiologia.com.br\/wp-content\/uploads\/2022\/06\/DENTAL-X.png\",\"width\":2198,\"height\":410,\"caption\":\"Dental - X\"},\"image\":{\"@id\":\"https:\/\/dentalxradiologia.com.br\/#\/schema\/logo\/image\/\"}}]}<\/script>\n<!-- \/ Yoast SEO plugin. -->","yoast_head_json":{"title":"Sobre n\u00f3s - Dental - X","robots":{"index":"index","follow":"follow","max-snippet":"max-snippet:-1","max-image-preview":"max-image-preview:large","max-video-preview":"max-video-preview:-1"},"canonical":"https:\/\/dentalxradiologia.com.br\/index.php\/sobre\/","og_locale":"pt_BR","og_type":"article","og_title":"Sobre n\u00f3s - Dental - X","og_description":"Sobre Tudo para proporcionar a voc\u00ea seguran\u00e7a e confiabilidade que s\u00f3 a mais completa cl\u00ednica de Radiologia Odontol\u00f3gica\u00a0 pode oferecer. Miss\u00e3o Prestar servi\u00e7o de diagn\u00f3stico facial aos profissionais da \u00e1rea da sa\u00fade, oferecendo suporte ao tratamento cl\u00ednico por meio de exames de alta qualidade e resultados confi\u00e1veis, buscando sempre investir no aprimoramento dos servi\u00e7os e &hellip; Sobre n\u00f3s Leia mais &raquo;","og_url":"https:\/\/dentalxradiologia.com.br\/index.php\/sobre\/","og_site_name":"Dental - X","article_modified_time":"2022-06-30T01:51:32+00:00","og_image":[{"url":"http:\/\/dentalxradiologia.com.br\/wp-content\/uploads\/2022\/06\/Diagnosticos-1.png"}],"twitter_card":"summary_large_image","twitter_misc":{"Est. tempo de leitura":"2 minutos"},"schema":{"@context":"https:\/\/schema.org","@graph":[{"@type":"WebPage","@id":"https:\/\/dentalxradiologia.com.br\/index.php\/sobre\/","url":"https:\/\/dentalxradiologia.com.br\/index.php\/sobre\/","name":"Sobre n\u00f3s - Dental - X","isPartOf":{"@id":"https:\/\/dentalxradiologia.com.br\/#website"},"datePublished":"2020-08-25T04:31:50+00:00","dateModified":"2022-06-30T01:51:32+00:00","breadcrumb":{"@id":"https:\/\/dentalxradiologia.com.br\/index.php\/sobre\/#breadcrumb"},"inLanguage":"pt-BR","potentialAction":[{"@type":"ReadAction","target":["https:\/\/dentalxradiologia.com.br\/index.php\/sobre\/"]}]},{"@type":"BreadcrumbList","@id":"https:\/\/dentalxradiologia.com.br\/index.php\/sobre\/#breadcrumb","itemListElement":[{"@type":"ListItem","position":1,"name":"In\u00edcio","item":"https:\/\/dentalxradiologia.com.br\/"},{"@type":"ListItem","position":2,"name":"Sobre n\u00f3s"}]},{"@type":"WebSite","@id":"https:\/\/dentalxradiologia.com.br\/#website","url":"https:\/\/dentalxradiologia.com.br\/","name":"Dental - X","description":"Diagn\u00f3stico Odontol\u00f3gico por Imagem","publisher":{"@id":"https:\/\/dentalxradiologia.com.br\/#organization"},"potentialAction":[{"@type":"SearchAction","target":{"@type":"EntryPoint","urlTemplate":"https:\/\/dentalxradiologia.com.br\/?s={search_term_string}"},"query-input":"required name=search_term_string"}],"inLanguage":"pt-BR"},{"@type":"Organization","@id":"https:\/\/dentalxradiologia.com.br\/#organization","name":"Dental - X","url":"https:\/\/dentalxradiologia.com.br\/","logo":{"@type":"ImageObject","inLanguage":"pt-BR","@id":"https:\/\/dentalxradiologia.com.br\/#\/schema\/logo\/image\/","url":"https:\/\/dentalxradiologia.com.br\/wp-content\/uploads\/2022\/06\/DENTAL-X.png","contentUrl":"https:\/\/dentalxradiologia.com.br\/wp-content\/uploads\/2022\/06\/DENTAL-X.png","width":2198,"height":410,"caption":"Dental - X"},"image":{"@id":"https:\/\/dentalxradiologia.com.br\/#\/schema\/logo\/image\/"}}]}},"_links":{"self":[{"href":"https:\/\/dentalxradiologia.com.br\/index.php\/wp-json\/wp\/v2\/pages\/134"}],"collection":[{"href":"https:\/\/dentalxradiologia.com.br\/index.php\/wp-json\/wp\/v2\/pages"}],"about":[{"href":"https:\/\/dentalxradiologia.com.br\/index.php\/wp-json\/wp\/v2\/types\/page"}],"author":[{"embeddable":true,"href":"https:\/\/dentalxradiologia.com.br\/index.php\/wp-json\/wp\/v2\/users\/1"}],"replies":[{"embeddable":true,"href":"https:\/\/dentalxradiologia.com.br\/index.php\/wp-json\/wp\/v2\/comments?post=134"}],"version-history":[{"count":39,"href":"https:\/\/dentalxradiologia.com.br\/index.php\/wp-json\/wp\/v2\/pages\/134\/revisions"}],"predecessor-version":[{"id":854,"href":"https:\/\/dentalxradiologia.com.br\/index.php\/wp-json\/wp\/v2\/pages\/134\/revisions\/854"}],"wp:attachment":[{"href":"https:\/\/dentalxradiologia.com.br\/index.php\/wp-json\/wp\/v2\/media?parent=134"}],"curies":[{"name":"wp","href":"https:\/\/api.w.org\/{rel}","templated":true}]}}